actor of 168 and 1.
1
Calculate the greatest common factor of 46 and 2.
2
Calculate the highest common factor of 275 and 22.
11
Calculate the highest common divisor of 110 and 20.
10
Calculate the greatest common factor of 207 and 12351.
69
Calculate the highest common factor of 1434 and 24.
6
Calculate the highest common factor of 1133 and 33.
11
Calculate the greatest common factor of 22 and 176.
22
Calculate the highest common factor of 247 and 57.
19
What is the greatest common factor of 377 and 116?
29
What is the greatest common divisor of 27 and 3?
3
What is the highest common divisor of 295 and 60?
5
What is the highest common divisor of 1 and 467?
1
What is the highest common divisor of 28 and 434?
14
Calculate the greatest common factor of 325 and 13.
13
What is the greatest common factor of 708 and 649?
59
Calculate the greatest common factor of 1221 and 429.
33
What is the greatest common factor of 72 and 45?
9
What is the highest common factor of 20 and 270?
10
Calculate the highest common factor of 124 and 155.
31
What is the greatest common divisor of 265 and 95?
5
What is the greatest common factor of 1045 and 55?
55
Calculate the highest common factor of 59 and 472.
59
What is the greatest common factor of 480 and 165?
15
Calculate the greatest common divisor of 506 and 1127.
23
Calculate the highest common factor of 30 and 1686.
6
What is the highest common factor of 5152 and 196?
28
Calculate the greatest common factor of 481 and 555.
37
Calculate the greatest common divisor of 2 and 142.
2
What is the highest common divisor of 25507 and 23?
23
What is the greatest common divisor of 224 and 6832?
112
What is the highest common divisor of 50 and 130?
10
What is the greatest common divisor of 5698 and 385?
77
Calculate the highest common factor of 629 and 68.
17
Calculate the highest common divisor of 33 and 792.
33
Calculate the highest common factor of 10704 and 48.
48
What is the highest common divisor of 308 and 84?
28
What is the greatest common divisor of 98 and 4508?
98
Calculate the highest common divisor of 1026 and 114.
114
What is the greatest common divisor of 114 and 437?
19
What is the highest common divisor of 980 and 11620?
140
What is the greatest common factor of 8045 and 5?
5
What is the greatest common factor of 423 and 18?
9
Calculate the highest common factor of 660 and 88.
44
What is the highest common factor of 26 and 1573?
13
What is the highest common factor of 5982 and 12?
6
Calculate the greatest common divisor of 24 and 60.
12
What is the greatest common factor of 169 and 65?
13
Calculate the greatest common divisor of 544 and 24.
8
What is the highest common divisor of 325 and 26?
13
What is the greatest common divisor of 80 and 80720?
80
What is the highest common divisor of 120 and 50?
10
Calculate the greatest common divisor of 111 and 296.
37
What is the greatest common divisor of 42 and 462?
42
What is the greatest common factor of 38 and 8512?
38
Calculate the highest common factor of 92 and 207.
23
Calculate the highest common divisor of 195 and 637.
13
Calculate the greatest common divisor of 6 and 178.
2
What is the greatest common factor of 18236 and 47?
47
Calculate the highest common divisor of 1045 and 55.
55
What is the highest common divisor of 666 and 481?
37
What is the greatest common divisor of 213 and 1775?
71
What is the highest common factor of 2 and 399?
1
What is the highest common factor of 21 and 588?
21
Calculate the highest common factor of 100 and 340.
20
What is the greatest common divisor of 125 and 1125?
125
What is the greatest common factor of 56 and 49?
7
What is the greatest common factor of 2853 and 171?
9
What is the highest common factor of 180 and 80?
20
Calculate the highest common factor of 22 and 2926.
22
What is the greatest common factor of 250 and 650?
50
Calculate the highest common factor of 88 and 352.
88
Calculate the highest common divisor of 324 and 72.
36
Calculate the highest common divisor of 644 and 112.
28
Calculate the greatest common divisor of 5590 and 7740.
430
Calculate the highest common divisor of 5678 and 646.
34
What is the highest common divisor of 3749 and 815?
163
Calculate the highest common factor of 2 and 57.
1
Calculate the greatest common divisor of 64 and 56.
8
Calculate the highest common divisor of 14393 and 37.
37
Calculate the greatest common divisor of 329 and 63.
7
Calculate the highest common divisor of 5999 and 14.
7
Calculate the greatest common factor of 808 and 2323.
101
Calculate the highest common divisor of 110 and 88.
22
Calculate the greatest common divisor of 720 and 18.
18
What is the greatest common divisor of 135 and 5?
5
What is the highest common divisor of 2034 and 18?
18
What is the highest common divisor of 102 and 714?
102
What is the greatest common factor of 160 and 24?
8
What is the highest common factor of 1300 and 52?
52
What is the highest common factor of 253 and 77?
11
What is the highest common factor of 36 and 132?
12
What is the greatest common factor of 401 and 2?
1
Calculate the greatest common factor of 130 and 70.
10
Calculate the highest common factor of 20 and 4.
4
What is the greatest common factor of 55 and 5?
5
Calculate the greatest common factor of 70 and 6608.
14
Calculate the greatest common divisor of 47 and 29093.
47
What is the highest common factor of 11 and 8?
1
Calculate the greatest common factor of 204 and 240.
12
Calculate the greatest common divisor of 279 and 18.
9
Calculate the highest common factor of 1870 and 560.
10
Calculate the highest common factor of 96 and 3840.
96
Calculate the greatest common factor of 22095 and 45.
45
Calculate the highest common factor of 459 and 81.
27
Calculate the greatest common divisor of 5 and 235.
5
Calculate the greatest common divisor of 4884 and 132.
132
Calculate the highest common divisor of 81 and 135.
27
What is the highest common divisor of 57 and 247?
19
Calculate the highest common factor of 1246 and 534.
178
Calculate the highest common factor of 963 and 18.
9
What is the greatest common divisor of 1190 and 170?
170
Calculate the greatest common divisor of 23076 and 12.
12
What is the greatest common factor of 559 and 91?
13
What is the greatest common factor of 4 and 204?
4
What is the greatest common divisor of 7660 and 160?
20
Calculate the greatest common divisor of 2133 and 1027.
79
Calculate the greatest common divisor of 36 and 126.
18
What is the greatest common divisor of 61 and 8845?
61
What is the highest common factor of 24 and 1740?
12
Calculate the greatest common factor of 4440 and 180.
60
Calculate the greatest common factor of 56 and 3332.
28
What is the greatest common factor of 48 and 42?
6
Calculate the greatest common divisor of 1010 and 2222.
202
Calculate the greatest common divisor of 675 and 50.
25
Calculate the greatest common divisor of 36 and 8334.
18
Calculate the highest common factor of 370 and 148.
74
What is the greatest common divisor of 40 and 16?
8
Calculate the highest common divisor of 294 and 84.
42
What is the greatest common factor of 401 and 2?
1
What is the greatest common factor of 104 and 988?
52
Calculate the greatest common divisor of 847 and 1617.
77
What is the greatest common divisor of 17 and 765?
17
Calculate the highest common factor of 12 and 10068.
12
Calculate the highest common divisor of 45 and 1515.
15
What is the highest common factor of 75290 and 10?
10
Calculate the highest common divisor of 28 and 756.
28
Calculate the greatest common divisor of 3811 and 515.
103
What is the greatest common divisor of 312 and 2?
2
Calculate the highest common divisor of 6640 and 32.
16
Calculate the greatest common divisor of 68 and 2244.
68
Calculate the highest common divisor of 91 and 49.
7
What is the greatest common divisor of 288 and 9696?
96
Calculate the greatest common factor of 702 and 26.
26
Calculate the greatest common divisor of 665 and 385.
35
Calculate the highest common divisor of 8319 and 6.
3
Calculate the greatest common divisor of 368 and 1.
1
Calculate the greatest common divisor of 115 and 2185.
115
What is the greatest common factor of 285 and 665?
95
What is the highest common factor of 28 and 71876?
28
What is the greatest common factor of 1